n divisor of 14 and 3.
1
What is the greatest common factor of 110 and 34815?
55
Calculate the greatest common factor of 12933 and 243.
27
What is the greatest common divisor of 63 and 357?
21
Calculate the highest common divisor of 2 and 9.
1
Calculate the highest common divisor of 52 and 1586.
26
What is the greatest common factor of 212 and 53?
53
What is the greatest common divisor of 270 and 90?
90
Calculate the greatest common factor of 123 and 6.
3
What is the greatest common factor of 102 and 3774?
102
What is the highest common divisor of 143 and 55?
11
What is the greatest common divisor of 455 and 35?
35
Calculate the greatest common factor of 986 and 290.
58
Calculate the greatest common divisor of 91 and 245.
7
Calculate the greatest common divisor of 36 and 204.
12
What is the highest common divisor of 2005 and 20?
5
Calculate the greatest common divisor of 81 and 5.
1
What is the greatest common factor of 68 and 2873?
17
What is the greatest common factor of 187 and 484?
11
Calculate the greatest common factor of 91 and 1222.
13
Calculate the highest common factor of 2565 and 342.
171
Calculate the greatest common factor of 38 and 437.
19
What is the highest common factor of 11 and 99?
11
What is the greatest common factor of 1552 and 2134?
194
What is the highest common divisor of 32 and 452?
4
What is the highest common divisor of 128 and 6224?
16
What is the highest common factor of 276 and 22908?
276
Calculate the greatest common factor of 132 and 198.
66
What is the greatest common divisor of 18 and 12?
6
What is the highest common divisor of 29 and 928?
29
What is the greatest common factor of 175 and 315?
35
Calculate the highest common factor of 1300 and 52.
52
What is the highest common factor of 1572 and 12?
12
Calculate the greatest common divisor of 6017 and 11.
11
Calculate the greatest common divisor of 3572 and 152.
76
What is the highest common divisor of 189 and 1449?
63
What is the highest common factor of 33 and 153?
3
Calculate the highest common factor of 189 and 49.
7
What is the highest common divisor of 657 and 9?
9
What is the highest common divisor of 469 and 28?
7
What is the highest common factor of 20271 and 29?
29
What is the greatest common divisor of 1610 and 184?
46
What is the greatest common divisor of 126 and 14?
14
Calculate the highest common factor of 120 and 168.
24
What is the greatest common factor of 5502 and 28?
14
What is the greatest common factor of 16 and 272?
16
Calculate the greatest common factor of 6 and 42414.
6
What is the greatest common divisor of 52 and 8164?
52
What is the greatest common factor of 34 and 68?
34
What is the highest common divisor of 156 and 48?
12
What is the greatest common divisor of 9321 and 156?
39
Calculate the greatest common divisor of 133 and 190.
19
Calculate the greatest common factor of 5256 and 72.
72
What is the highest common divisor of 1092 and 1260?
84
What is the greatest common divisor of 178 and 2581?
89
What is the greatest common factor of 104 and 78?
26
What is the greatest common factor of 216 and 621?
27
What is the highest common divisor of 29 and 1711?
29
Calculate the greatest common divisor of 36621 and 26.
13
Calculate the highest common factor of 34750 and 125.
125
What is the greatest common divisor of 136 and 119?
17
What is the greatest common divisor of 6966 and 86?
86
What is the greatest common divisor of 21 and 723?
3
Calculate the highest common factor of 2698 and 2.
2
Calculate the greatest common factor of 1026 and 216.
54
What is the highest common factor of 60 and 732?
12
What is the greatest common factor of 76141 and 13?
13
What is the highest common factor of 104 and 17576?
104
Calculate the greatest common divisor of 42 and 1302.
42
Calculate the greatest common factor of 48 and 240.
48
Calculate the highest common divisor of 1215 and 15.
15
Calculate the greatest common factor of 63 and 7875.
63
Calculate the highest common factor of 2002 and 28.
14
What is the highest common factor of 220 and 110?
110
What is the highest common divisor of 315 and 490?
35
What is the greatest common factor of 40 and 295?
5
Calculate the greatest common factor of 72 and 387.
9
What is the greatest common divisor of 132 and 12?
12
Calculate the greatest common factor of 54 and 4356.
18
Calculate the greatest common divisor of 8533 and 322.
161
What is the greatest common divisor of 106 and 106?
106
Calculate the highest common factor of 46 and 30.
2
Calculate the greatest common factor of 465 and 135.
15
Calculate the highest common factor of 18390 and 60.
30
Calculate the highest common divisor of 169 and 7774.
169
What is the greatest common divisor of 6939 and 257?
257
Calculate the greatest common factor of 347 and 82933.
347
Calculate the highest common factor of 870 and 50.
10
What is the highest common factor of 1 and 967?
1
Calculate the greatest common divisor of 27 and 7011.
9
What is the greatest common factor of 754 and 290?
58
Calculate the greatest common divisor of 344 and 430.
86
What is the highest common divisor of 1137 and 3?
3
Calculate the greatest common divisor of 13 and 533.
13
Calculate the greatest common divisor of 255 and 105.
15
Calculate the greatest common divisor of 73 and 12118.
73
What is the highest common factor of 210 and 2610?
30
Calculate the greatest common divisor of 92 and 299.
23
What is the highest common factor of 17316 and 37?
37
What is the greatest common divisor of 150 and 675?
75
What is the highest common factor of 14 and 24570?
14
What is the greatest common factor of 376 and 517?
47
What is the greatest common divisor of 117 and 9?
9
Calculate the highest common factor of 21 and 511.
7
What is the greatest common divisor of 54 and 6750?
54
What is the greatest common factor of 45041 and 73?
73
What is the highest common divisor of 1830 and 30?
30
Calculate the greatest common divisor of 135 and 40.
5
Calculate the greatest common factor of 118 and 12036.
118
Calculate the greatest common factor of 343 and 7.
7
Calculate the highest common factor of 574 and 126.
14
What is the greatest common factor of 100 and 5050?
50
What is the greatest common factor of 5040 and 72?
72
What is the highest common divisor of 4520 and 40?
40
Calculate the highest common divisor of 269 and 1345.
269
What is the highest common factor of 3 and 12924?
3
Calculate the greatest common factor of 55627 and 11.
11
What is the highest common divisor of 8450 and 78?
26
What is the greatest common factor of 126 and 54?
18
Calculate the highest common divisor of 120 and 4060.
20
What is the greatest common factor of 36 and 256?
4
What is the highest common factor of 24450 and 45?
15
Calculate the greatest common divisor of 2934 and 162.
18
What is the highest common factor of 3555 and 45?
45
What is the highest common factor of 2688 and 56?
56
What is the greatest common divisor of 5451 and 69?
69
Calculate the highest common divisor of 369 and 1271.
41
What is the highest common divisor of 1981 and 17263?
283
What is the highest common divisor of 292 and 1022?
146
Calculate the highest common divisor of 708 and 18939.
177
Calculate the highest common divisor of 22 and 3124.
22
What is the highest common divisor of 3247 and 17?
17
What is the greatest common divisor of 100 and 60?
20
What is the greatest common divisor of 44 and 77?
11
Calculate the greatest common divisor of 112 and 1582.
14
What is the greatest common divisor of 153 and 612?
153
Calculate the greatest common factor of 104375 and 167.
167
What is the greatest common divisor of 731 and 172?
43
What is the highest common divisor of 36 and 486?
18
Calculate the highest common divisor of 319 and 11.
11
Calculate the greatest common divisor of 180 and 50.
10
Calculate the highest common factor of 43 and 2.
1
What is the highest common divisor of 41 and 12669?
41
What is the greatest common divisor of 2193 and 51?
51
What is the greatest common factor of 181 and 1?
1
What is the highest common factor of 275 and 125?
25
Calculate the highest common factor of 1040 and 910.
130
What is the greatest common factor of 500 and 40?
20
What is the highest common factor of 204 and 36?
12
Calculate the highest common divisor of 736 and 92.
92
Calcula